o(j) be the first derivative of j**5/15 - j**4/24 + j**3/3 - 7*j**2/2 + 3*j - 106. Let r(c) be the second derivative of o(c). Determine r(1).
5
Let r(g) = g**3 - 3*g**2 + 6*g - 13. Suppose -117*b + 121*b - 10 = 2*l, 3*l - 3*b = -3. Calculate r(l).
5
Let j(r) be the first derivative of 46 + 1/2*r**2 - 1/4*r**4 + r + 4/3*r**3. Determine j(4).
5
Let h(a) = -a**3 - 4*a**2 + 9*a + 3. Let m(p) = p**2 + 4*p - 6. Let l be m(-4). Determine h(l).
21
Suppose -3*m = -135 + 99. Suppose -5*o - m = 23. Let l(y) = -y**2 - 4*y + 9. Determine l(o).
-12
Let o = -25318 + 25321. Let v(m) be the second derivative of -7*m**6/720 - m**5/60 + m**4/12 + m. Let g(a) be the third derivative of v(a). Determine g(o).
-23
Let i(y) = y**2 + y + 2. Let z(c) = 4*c**2 + 8*c + 10. Let h(q) = -2*i(q) + z(q). Let t = 10 + -14. Give h(t).
14
Let v(f) = 41*f**3 + 20*f**2 - 8*f + 16. Let d(l) = -36*l**3 - 19*l**2 + 8*l - 13. Let q(z) = -8*d(z) - 7*v(z). Calculate q(-13).
-73
Suppose 0 = -5*j + 6 - 16. Let n = 65 - 64. Let z(k) = -2*k + 11*k**2 + n + 0*k - 12*k**2 + 0*k. Determine z(j).
1
Let f(r) = -r**3 - 10*r**2 - 10*r + 14. Let h be f(-8). Let c = 39 + h. Let z(q) be the first derivative of q**3/3 - 3*q**2 + 6*q + 51. Give z(c).
1
Suppose -6 - 24 = -3*w. Let k(u) = 5*u**3 - 10*u**2 + 53*u + 8. Let t(y) = 14*y**3 - 30*y**2 + 145*y + 23. Let b(j) = 11*k(j) - 4*t(j). What is b(w)?
26
Let i(h) = -h**3 - 5*h**2 - 4*h - 2. Suppose -6*a + 236 = -34. Suppose -5*m - 4*x = a, 5*m - x + 44 = 2*m. Let f = m + 11. Calculate i(f).
-6
Let q(l) = -5*l + 2. Suppose -36 + 106 = 5*o. Suppose -28 = 7*u - o. Let d be (-75)/15 + u + 12. What is q(d)?
-23
Let j(n) be the first derivative of 100 + n - 7/3*n**3 - 1/4*n**4 - 3*n**2. Determine j(-5).
-19
Let y(u) = -11*u - 315. Let v = 12419 - 12448. Give y(v).
4
Let m = 30 - 32. Let g(l) be the first derivative of l**3/2 + l**2 + 19*l + 34. Let a(b) be the first derivative of g(b). Give a(m).
-4
Suppose 0 = -4*t + 5 + 115. Let f = t - -23. Let q = f + -53. Let g(m) = m**2 + m + 13. Give g(q).
13
Let z(j) = j + 1. Let d be 42/(-3)*21/(-6). Let f = d + 1. Let h = 56 - f. Calculate z(h).
7
Let n(d) = 183*d**3 + 25*d**2 - 371*d**3 - 235 + 187*d**3 + 36*d - 21. What is n(26)?
4
Let a be 6/(-8) - 2/8. Let p be (a/1 - 1)/(-2). Let c(r) = 36*r**2 + 39*r**2 - 84*r**2 - 1672 + 1673. Determine c(p).
-8
Let k(s) = 2*s**2 - s - 4. Suppose -5*b - 20 = 14*o - 15*o, 2*o = 3*b + 12. Calculate k(o).
-4
Let i be (1 + -1 - 2)*(-4215)/1686. Let w(u) = 3*u - 11. Determine w(i).
4
Let b(o) = -5 + 5 - 2*o**2 + 3*o**2. Suppose 0 = -8*g - 22 + 30. Let m(c) = 9*c**3 - c**2 - c + 1. Let u(n) = g*m(n) + 2*b(n). What is u(1)?
10
Suppose z - 5 = -7, 0 = 5*y + z - 148. Let r(t) = 4*t - 124. Determine r(y).
-4
Let o(t) = 3*t**3 + t**2 + t - 1. Let s be (-110)/(-22)*(-354)/5. Let g = 355 + s. What is o(g)?
4
Let g be 1/2 - (-14)/4. Suppose -49 = -g*u - 77. Let o(v) be the first derivative of v**2/2 + 4*v - 33. Determine o(u).
-3
Let y(k) = -k + 38. Suppose -372*d = -14361 + 1713. Give y(d).
4
Suppose 6 = 4*o - 6*o. Let m(z) = -z + 4. Let k be m(o). Let d(c) = -12*c**2 + 56 + 56 + c**3 - 164 + 6*c + 61 + 4*c**2. Give d(k).
2
Let t(y) = -5*y - 1. Let b(c) = c + 7. Let a(k) = 2*k + 9. Let h(w) = -4*a(w) + 5*b(w). Let x(j) = -3*h(j) + 2*t(j). What is x(3)?
-2
Suppose 3*l + 0*l + 28 = -5*q, 5*q + l + 26 = 0. Let a(w) be the second derivative of -2*w - 1/20*w**5 + 0*w**3 + 3*w**2 - 12 - 5/12*w**4. Give a(q).
6
Let v = 307 - 234. Suppose -91 = -6*a - v. Let z(o) = -3 + o + 0 + 1. Calculate z(a).
1
Let u(b) = -b**2 + 23*b - 52. Let z be (1694/(-70))/11*-10. What is u(z)?
-30
Let c(r) be the third derivative of -r**5/12 + r**4/12 - 13*r**2. Let f(w) = -3*w + 31. Let m be f(9). Suppose 2*l = -m*g, -1 = 2*g + 4*l + 11. Determine c(g).
-16
Let a(h) be the first derivative of 0*h + 1/120*h**5 + 0*h**2 + 20/3*h**3 - 1/6*h**4 - 18. Let q(k) be the third derivative of a(k). Determine q(0).
-4
Let z(q) = -q**3 - 3*q**2 + 3*q - 7. Let s be z(-5). Suppose 5*k - 73 = f, 5*f - 19 = -9. Let a(w) = 14*w + k*w - s*w + 1. Calculate a(-8).
-7
Suppose -5*v + 5*j + 261 - 266 = 0, 3 = v + 3*j. Let r(z) = 42*z - 9. Give r(v).
-9
Let a(q) = -q**3 + 3*q**2 + q + 13. Let w be a(4). Let u be -7*(w - (-2)/(-14)). Let b(j) = -j**2 - 8*j. Determine b(u).
12
Let k(w) = 38 - 135*w**2 - 29*w - 2343*w**3 + 146*w**2 + 2342*w**3 + 43. What is k(9)?
-18
Let b(i) = -2 + 19*i - 20*i - 5. Suppose -l = -5*g - 68, -55 = 4*g - l - 0*l. Let k be g + 1 + 0 + 3. Calculate b(k).
2
Let c(k) = 2*k**3 - 23*k**2 - 11*k - 9. Let h be 42/15*660/154. Give c(h).
3
Let m be ((-40)/15 - -3)/((-2)/(-12)). Let y(g) = -9 + 22 - g**m - 14 + 3*g. Calculate y(2).
1
Let g(k) = -7*k**2 - 23*k - 13. Let f(o) = 11*o**2 + 35*o + 20. Let j(p) = -5*f(p) - 8*g(p). Let a be (-126)/(-10) + (-32)/(-80). Let w = a - 21. Give j(w).
-4
Let z be (1 - -4)/((-91)/(-78) + (-2)/(-4)). Suppose 5*f + 6*l - l = 15, -5*f - 4*l = -15. Let s(m) = -3 + 2*m**2 + 0 - m**f + 2 + 3*m. What is s(z)?
-1
Let i = 10028 - 10032. Let c(t) = -4*t**2 + t - 11. Let b(a) = -5*a**2 + a - 10. Let q(w) = -5*b(w) + 6*c(w). Determine q(i).
-4
Let h be 30/45*(12 - 0) + 0. Suppose -h*v + 66 = 3*v. Let q be 3*1/3*(v - 1). Let p(n) = -n**2 + 5*n + 6. What is p(q)?
6
Let l(v) = -2*v**2 + 23*v + 47. Let j = -10896 - -10909. Give l(j).
8
Let k(i) = 2*i**2. Let v = -89 + 90. Let c be k(v). Let a(o) = -40*o**c + 0 + 18*o**2 + 21*o**2 - 7*o - 3. Give a(-4).
9
Let r = -28 + 33. Let f(k) be the first derivative of -1/4*k**4 + 2*k**3 + 5*k + 8 - 3/2*k**2. Give f(r).
15
Let m(h) be the first derivative of h**3 + 5*h**2 + 3*h - 27. Let d be m(-3). Let c(o) = o**2 + 2*o + 2. Let r be c(d). Let a(z) = -6*z**2 + 2*z - 2. Give a(r).
-22
Let h(t) = -2*t - 3. Suppose 0 = 5*b - 7*b + 2. Suppose -4*z + 1 = -3*d, 2*z - d + b = -0*d. Let i(s) = -3*s**2 - 6*s - 4. Let p be i(z). Determine h(p).
5
Let c(i) = 11*i - 13. Let h = -13809 + 13817. Determine c(h).
75
Let k(n) be the third derivative of 2*n**4/3 + 2*n**3/3 - 2*n**2. Let v be 2/4*4 - (1 - 21). Let f(g) = -3*g - 1. Let q(j) = v*f(j) + 4*k(j). Determine q(-4).
2
Suppose 5*y = -2*p - 45, -4*y - 4*p = -p + 43. Let w be 6/(-6) + 7 + 0. Let s(c) = 20*c**2 - 7 - 21*c**2 - 7*c**2 - w*c - c**3. Give s(y).
-14
Let s be -5*(-5)/(-25) + 9 - 6. Let r(f) = -3*f**3 + 3*f**2 - 4*f + 2. What is r(s)?
-18
Suppose -s + 2*h + h + 23 = 0, 0 = 5*s - 5*h - 155. Let u(f) = f - 36. What is u(s)?
-1
Let u(i) = 10*i**2 + 5*i + 20. Let v(s) = -3*s**2 - 3*s - 2. Let c(j) = -u(j) - 4*v(j). Give c(-5).
3
Suppose 0 = -7*l - 72 + 72. Let p(b) = l - 3*b - b - 1. Give p(-6).
23
Let w(c) = c**2 + 6*c - 10. Let o be w(-8). Let b(u) = -10 + 6*u**2 - 27 - u**3 + 42 - 2*u. Calculate b(o).
-7
Let v be (-21)/(42/(-20)) - 4. Let h(z) = 10*z - 27. Give h(v).
33
Let r be ((-72)/6 + 9)*(-1)/1. Let y(z) = -13*z**2 - z - 8. Let d(f) = -24*f**2 - f - 16. Let q(o) = 6*d(o) - 11*y(o). Determine q(r).
-2
Let i(p) = p**2 + p - 1. Let f(v) = 2 - 16*v**2 + 24 - 6 - 4*v. Let w(y) = -f(y) - 10*i(y). Let k(j) = -j**2 + j + 1. Let x(q) = -5*k(q) - w(q). Determine x(4).
-7
Suppose 0 = 52*n - 938 - 154. Let u(q) = 7*q + 5*q - n*q - 1 + 0 + 8*q. Calculate u(7).
-8
Let k = -685 - -688. Let y(f) = -k*f + 3*f + 4*f - 10 + 7*f - 12*f. Determine y(-4).
-6
Let u(g) = -143 + 425 + 2*g - 139 - 135 + g. What is u(5)?
23
Let k be ((-441)/84)/(3/12). Let j be (-44)/(-66)*k/(-2). Let r(h) = -h + 8. Calculate r(j).
1
Let l be 8/1 - (0 + -4 + 6). Let s(n) = n + l + 13 - 2. Let f be s(-15). Let r(p) = p**3 - p**2 - p - 2. Calculate r(f).
0
Let k(m) be the third derivative of m**6/120 - 29*m**5/30 + 263*m**4/24 + 52*m**3/3 + 5219*m**2. Calculate k(53).
-2
Suppose -p + 18 = 2*q, -3*p + 9 = -3*q - 0. Let g(a) = -4*a**3 + 5*a**3 + 22*a**2 - 3*a**2 + a - 10*a**2 + 2 - p*a**2. Determine g(-2).
-4
Suppose g + o = -3*g + 8, 3*g - 5 = -o. Let t be (-3)/(g/2)*(-126)/(-36). Let z(n) = n + 7. Give z(t).
0
Let s(a) = -3*a**2 + 2*a + 2. Let d(n) = -6*n**2 + 14*n - 13. Suppose 3*r = -3*y - 0*y + 30, 2*y = -r + 15. Let j be d(r). Let b = j - -95. Determine s(b).
-6
Let o be (-3036)/99 - -30 - 32/6. Let z(j) = 13*j + 31. Determine z(o).
-47
Suppose 3*b = -128 - 124. Let o be (b - 3/(-3))*-1 - 2. Let t = o + -82. Let m(w) = w**3 + w**2 - 1. What is m(t)?
-1
